ens digit of n(u)?
1
Let w(c) = 2761*c**3 + 3*c**2 - 2*c - 2. What is the thousands digit of w(1)?
2
What is the tens digit of (1736 - 1)*(133 + -131)?
7
What is the units digit of -56 - -196 - 4/(-6)*-6?
6
Let i be -303 + 1 + 12/(-4). Let u be i/(-2) - 4/8. Suppose 0 = 7*y - 3*y - u. What is the units digit of y?
8
Let k(q) = 12*q**2 + 4*q - 8. Let j be k(-4). Let h = -95 + j. What is the units digit of h?
3
What is the units digit of (-18)/4*((-2)/1 - 0)?
9
Let p be (1059/4 - 2) + 12/(-16). Suppose -438 - p = -4*h. What is the hundreds digit of h?
1
Suppose 13216 = 4*i + t, -i = 7*t - 10*t - 3291. What is the units digit of i?
3
Suppose 4*m - 10 = -2*d, 10*m + 20 = 12*m - 4*d. Suppose -m*a + 406 - 26 = 0. What is the tens digit of a?
9
Let t(h) be the third derivative of -h**5/120 + 23*h**4/12 + h**3/6 + 4*h**2. Let y(n) be the first derivative of t(n). What is the units digit of y(16)?
0
Suppose -116 + 578 = -2*b. What is the units digit of ((-12)/(-18))/((-2)/b)?
7
Let c(h) be the third derivative of -h**4/24 - 4*h**3/3 + h**2. Let w be c(-11). Suppose -7*u + w*u = -260. What is the units digit of u?
5
Suppose -3*w = -3*x + 120, 2*x + 46 = -w - 0*x. Let h = w + 46. What is the units digit of h?
4
Suppose 5*x = -5*x + 20. Suppose -x*g + 258 = h, 6*g + 387 = 9*g + 3*h. What is the units digit of g?
9
Let t(b) be the second derivative of -b**5/20 - 7*b**4/12 - 7*b**3/6 + 4*b**2 + 2*b. What is the tens digit of t(-6)?
1
Let j(m) be the third derivative of m**7/2520 + m**6/80 + m**5/60 + m**4/12 + m**2. Let q(y) be the second derivative of j(y). What is the units digit of q(-9)?
2
Let h(u) = u**3 + u**2 - 21. Let z be h(0). Suppose 0 = 4*s + 33 - 5. Let m = s - z. What is the units digit of m?
4
Let h = -16 + 18. Suppose -284 = -2*a - h*a. What is the tens digit of a?
7
Let a = 326 + -170. Let i = a - 110. What is the tens digit of i?
4
What is the hundreds digit of 1864 - (7 - 55)/(-8)?
8
Let w be (-5 - -4) + -3 - -70. Let o = 0 + w. What is the tens digit of o?
6
What is the units digit of (14/(-4) + 2)*(-3094)/51?
1
Suppose 17*f + 42 = 10*f. What is the units digit of (2193/34)/(f/(-8))?
6
Let x be 4 - (0/1)/4. Suppose 0 = 9*r - x*r - 105. What is the units digit of r?
1
Let u = -80 - -50. What is the units digit of 63 - (20/6 - (-10)/u)?
0
Let h(u) = 141*u - 151. What is the units digit of h(6)?
5
Let q(k) = 7*k**2 + 61*k + 13. What is the tens digit of q(-17)?
9
Suppose 3*r - 25 = -2*k, -21 = 2*k - 5*k + r. Let a be (-20)/k*2 - 1. What is the units digit of 2/a*(4 - 7)?
1
Suppose 3*u = 458 + 418. Let c be (43/(-3))/(1/(-3)). Suppose -c*w = -47*w + u. What is the tens digit of w?
7
Let s(p) = 4*p**3 + 4*p**2 - 8*p. What is the units digit of s(2)?
2
Let i = -41 + 78. Let s = i - 26. What is the tens digit of s?
1
Suppose -h = -4*c - 747, c + 545 + 193 = h. What is the units digit of h?
5
Suppose a - 4*x - 1275 = 0, -6*x - 5134 = -4*a - 7*x. What is the tens digit of a?
8
What is the hundreds digit of 63/14 + (-19972)/(-8)?
5
Let x = 3106 - 1774. What is the tens digit of x?
3
Let u(k) = k**2 - 3*k - 14. Let b be u(6). Suppose b*j = 2*n + 832, -4*j + n = 6*n - 846. What is the units digit of j?
9
Let r(i) = -124*i + 1. Let v be r(-1). Suppose -5*f = -8*n + 3*n + v, -82 = -4*n - 2*f. What is the units digit of n?
2
Let w(f) = -28*f. Let d be w(-2). Suppose -z + 5*z + d = 0. Let h = 17 + z. What is the units digit of h?
3
Let o = 99 + -100. What is the units digit of (o + -113)*(34/(-6) - -3)?
4
Suppose 0 = -213*p + 221*p - 14448. What is the tens digit of p?
0
Let t = -27 + 29. Let r(n) = 43*n - 4. What is the units digit of r(t)?
2
Suppose c = -8 + 11. What is the units digit of 152 + -1 + c + 4?
8
Suppose 2 = -4*y - 186. Let d = y - -105. What is the units digit of d?
8
Let a = -3144 + 4746. What is the thousands digit of a?
1
Suppose 0 = q - 0*q - 2*l + 10, -20 = 4*q - 4*l. Suppose 2*v = -4*b + 22, q*v + 3*b = 2*v - 22. What is the tens digit of v?
1
What is the tens digit of (-221 - -62)*35/(-3)?
5
Let t = -2287 + 2720. What is the tens digit of t?
3
Let l(u) = u + 4. Suppose -m = -2*m - 5*b + 6, -m + 5*b = 14. Let s be l(m). Let q = s - -14. What is the tens digit of q?
1
Let f = 511 + 11. Suppose -2*q + f = 5*d, 2*d - 3*d + 106 = 2*q. What is the tens digit of d?
0
Suppose -3*p = 15, 0 = -7*g + 2*g - 4*p + 1185. What is the units digit of g?
1
Let n be ((-364)/65)/((-2)/5). What is the units digit of n/(15/(-9) + 2)?
2
Let i(q) = 34*q - 605. What is the hundreds digit of i(23)?
1
Let a = 1271 + -851. What is the tens digit of a?
2
Suppose 10*l - 5*l = 25. Suppose 4*i = 3*n + 1, -5*n + l = 4*i + 28. What is the units digit of (-6)/(1*i/8)?
4
Let p(v) = -v**2 + 1. Let f be 2*((-84)/8)/(-7). Let r(a) = a**3 + 8*a**2 - a + 5. Let h(x) = f*p(x) + r(x). What is the units digit of h(-4)?
8
Let v(i) = -i**3 + 9*i**2 - 3*i - 9. Let b be ((-2)/7)/((-4)/28). Suppose -b*g + 0*g + 16 = 0. What is the units digit of v(g)?
1
Suppose 0 = 6*b - b. Suppose 2*l - 2 - 4 = b. Suppose m - 2*i = 45, 0 = -l*i + 1 + 5. What is the tens digit of m?
4
Suppose 5*r + 5*j - 1495 = 0, 5*j = 3*r + r - 1187. What is the hundreds digit of r?
2
Let o be -1*(-433)/1 + 3. What is the units digit of -3 - (-5)/(20/o)?
6
Let y(w) = -w**3 + 6*w**2 + 9*w - 5. Let a be y(7). Suppose 4*s = s - a. What is the tens digit of 4/((-8)/84*s)?
1
Let p(x) = 66*x - 14. What is the hundreds digit of p(3)?
1
Suppose -6*s = -26 - 70. Let g be (-7065)/(-72) - 2/s. Suppose -7*c = -98 - g. What is the units digit of c?
8
Suppose 4*t - j + 4*j - 820 = 0, -t = 5*j - 205. What is the hundreds digit of t?
2
Let v(f) = -240*f - 5. Let k be v(-3). What is the units digit of 1*k/(3 - -2)?
3
Suppose 4*f + 0*q - 21 = -5*q, 5*q - 5 = 0. Suppose -f*w + 18 = -182. What is the tens digit of w?
5
Suppose -f - b = -2*b - 1, -3*f = -b - 5. Suppose -348 = f*u + 684. What is the tens digit of u/30*(-5)/2?
4
Let l(j) = j**2 + 7*j + 7. Let w be l(-8). Suppose -33 - w = -d. What is the units digit of 3/(-2)*d/(-18)?
4
What is the hundreds digit of (98 - 90) + 1 + 4453 + 0?
4
Suppose -4*k - 4*z + 62 = -9*z, 8 = 4*z. Let x = 22 - k. Suppose 8*w = x*w + 144. What is the tens digit of w?
3
Suppose 0 = -0*x - x + 5*z + 37, 4*z - 206 = -3*x. Let i = 118 - x. What is the units digit of i?
6
Let i(y) = 4*y - 3*y - 6*y - y**2 - 9. Let v be i(-6). What is the tens digit of (84/v)/(2/(-5))?
1
Let x(l) be the second derivative of l**4/12 + 2*l**3/3 + 3*l**2/2 - 2*l. Let d be x(-3). Suppose 2*i = 0, -o - 4*i + 2 + 1 = d. What is the units digit of o?
3
Suppose -3*s = 2*s + 2*n - 885, 5*s - 915 = 4*n. Let b = -95 + s. Suppose 2*q = -2*q + b. What is the units digit of q?
1
Let t(c) = 9*c + 13. Let j be t(15). Suppose 4*o + j = z - 5*z, -5*o = 4*z + 182. Let f = 89 + o. What is the units digit of f?
5
Let m be 83*(-24 - 4)/(-4). Let p = m - 342. Let y = p - 170. What is the tens digit of y?
6
Suppose 3*m = -5*v + 4053, 0*m = v + m - 811. Suppose v = 3*s + 3*s. What is the units digit of s?
5
Let r(t) = -6*t + 7. Let x(p) = 6*p - 7. Let b(h) = 4*h + 7. Let d be b(-3). Let j(k) = d*r(k) - 4*x(k). What is the tens digit of j(7)?
3
Suppose -2*j + 4*j - 10 = -5*d, 0 = 4*j - 4*d - 20. Let f(g) = -g**2 + 5*g - 6. Let p be f(j). What is the units digit of 5/15 - 34/p?
6
Let n(i) = 9*i**2 + 4*i - 1. Let l be n(3). Suppose -l*z = -91*z - 31. What is the tens digit of z?
3
Let g(x) = -6*x + 8. Let n = 31 + -24. Let j be g(n). Let u = 72 + j. What is the units digit of u?
8
Let x = 3 - 9. Let a(d) = -5*d - 2. Let n be a(x). Suppose 3*r = 3*w, -n = -3*w - w - 3*r. What is the units digit of w?
4
Let m = 14 + -12. Suppose -6*z + m*z = -12. What is the units digit of z + 100/2 - 1?
2
Suppose -4*o = 4*i - 208, i - 3*o - 30 - 18 = 0. Suppose -4*y - 15 = -i. Suppose d - y = 12. What is the units digit of d?
1
Suppose -21*z + 26*z - 15 = 0. Suppose -5*s + 579 = r, 40 + 189 = 2*s + z*r. What is the hundreds digit of s?
1
Let r = 63 - -101. Let l = r + -90. What is the units digit of l?
4
Let z = 667 + 153. What is the units digit of z?
0
Let y(w) = 52*w**2 - 4*w + 39. What is the tens digit of y(4)?
5
Let b(r) = 12 - 34 + 10*r - r**2 + 15*r - 11. What is the units digit of b(18)?
3
Let y(u) be the second derivative of 14*u**3/3 + u**2/2 - 6*u. 